hat is the value of 2 + -22 + 13 - (2 - 9)?
0
Evaluate (7 - -1) + -1 - 1 - 5.
1
What is 3 + -4 + (-1 - 6) - -5?
-3
What is 8 + (1 - (12 - 5))?
2
Evaluate 1 - -3 - (1 - -6).
-3
Evaluate 25 + -22 - (-1 - (-2 - 6)).
-4
Calculate 5 + (0 - 2) + 7.
10
What is the value of 1 - 1 - (0 + -1)?
1
What is 5 - -2 - (4 + 0 + 3)?
0
(39 - 48) + 0 + 6
-3
Evaluate 0 + 7 + -3 + -8.
-4
-1 + -2 + -2 + 2
-3
What is 34 + -32 - (-1 + 4)?
-1
What is (-3 - (-10 + -4 - -4)) + -4?
3
-49 + 51 - (3 + (0 - -1))
-2
-3 - (-1 - (5 + -3) - -3)
-3
Evaluate 10 - ((-13 - -13) + 18).
-8
-2 + (-7 - -4) - -8
3
What is 4 - 5 - -1 - 1?
-1
Evaluate 9 + (6 - (11 + 6)).
-2
1 + (-4 + 3 - -3)
3
What is the value of 7 - (5 - (-3 + 1))?
0
Calculate -1 + 1 + -18 + 19.
1
Calculate -11 - -3 - -3 - -2 - -5.
2
What is the value of (-10 - -6 - -7) + -5?
-2
What is the value of -3 - (2 - 7 - (1 + 1))?
4
-8 + (18 - 8) + (0 - -7)
9
What is (0 - -1) + -2 + (-3 - -3)?
-1
1 + -1 + 1 + -4
-3
What is the value of 0 + 0 + (0 - 10) + 5?
-5
Calculate (1 - -3) + (5 - 1 - 6).
2
What is 12 - 7 - (12 - 11)?
4
Evaluate 3 - (8 + -4) - -3.
2
What is the value of 14 - (6 + -4) - 8?
4
Calculate 3 - (-6 - (-2 + -5)).
2
(3 - (10 + -3 + 4)) + 3
-5
What is the value of -4 - (1 - (6 + -2))?
-1
What is 1 + (0 - 10) + 4?
-5
Calculate -7 + -4 + 5 + (2 - -2).
-2
8 + -2 + (-9 - (0 - -6))
-9
3 - (5 - 2 - (-1 - 1))
-2
What is the value of -6 + 1 + 10 + (-4 - 8)?
-7
Evaluate (-5 - -4 - -6) + -4.
1
(-20 - -3 - -10) + 1
-6
-2 + (1 - (-4 - -2)) + 3
4
What is the value of 4 + -2 + 1 + -2 - 6?
-5
What is -1 + 0 + 2 + -1 + 3?
3
Evaluate 7 - (1 + -3 + 4).
5
Evaluate (1 - -1) + (-13 - -6).
-5
-4 - (4 + -14) - 6
0
Evaluate -1 + (7 - (-1 + 6 + -4)).
5
What is -12 - (-12 + 12) - -4?
-8
Calculate -6 + 5 - 2 - (0 - 3).
0
What is 8 + (5 - (0 + 7 + 0))?
6
0 - (-3 - (5 - 7))
1
What is the value of 0 - (-5 - -4 - -7)?
-6
Evaluate -1 + 0 - (-90 + 95).
-6
Calculate -7 + (-7 - (2 - 6)) + 5.
-5
0 + 7 + -2 + 1 + 2
8
8 + -3 + -2 + 1
4
-2 + (3 - 1) + -1 + -3
-4
-2 + 7 + 5 + -8
2
What is the value of 8 + (1 - 1 - 10)?
-2
What is the value of 0 + 3 + -41 + 27 + 4?
-7
-3 + 13 - 10 - -6
6
What is the value of (-2 - 6) + 24 - 11?
5
What is the value of 6 - (6 - 3) - (4 - -6)?
-7
Calculate 12 - (2 + 5 + -5 + 5).
5
What is 4 + -9 - (-2 + 0) - -1?
-2
Evaluate 1 - (8 + -4) - -5.
2
Evaluate 3 - 2 - (7 + -1 + -1).
-4
(37 - 39) + 2 + -3
-3
Calculate (-39 - -27) + (-2 - -6) + 13.
5
4 + 0 + (-29 - -28)
3
Calculate 1 + -5 + (14 - 9) + 5.
6
Calculate (-2 + -2 - -2) + 4.
2
Calculate -2 + (-6 - (-6 + 2 + -5)).
1
What is the value of -13 - (1 + -6 - (7 + -7))?
-8
What is 3 + -10 + (6 - 4)?
-5
What is the value of -9 - (-19 - -6) - -4?
8
Calculate 0 + 1 + (3 - 0) - 3.
1
Calculate 4 - 1 - (5 + -7).
5
1 - 0 - 3 - (-2 + 2)
-2
-2 + 13 + -3 - 6
2
Evaluate -18 - -3 - -5 - -2.
-8
-1 + (-3 - -5) + (9 - 17)
-7
What is (0 - 0) + (36 - 34)?
2
Evaluate (-3 - 2) + (5 - 1) - -4.
3
Calculate 7 + -18 + 7 + 1.
-3
What is the value of 7 - (6 - 10 - (-1 - 8))?
2
Evaluate 0 - (-3 + 0) - (0 - -6).
-3
Calculate 7 + -1 + -5 - (8 - 2).
-5
What is the value of (-1 - 3) + 3 + (-2 - -2)?
-1
7 + (-7 + (4 - 1) - 6)
-3
What is 7 + 5 + -1 + -4?
7
Calculate 2 - 2 - (7 - 0 - 2).
-5
What is the value of -2 + (13 - (-6 - -13))?
4
Evaluate -3 + -2 + 5 - (-3 + 6).
-3
Evaluate 5 - (-1 + -6) - (0 - -5).
7
Evaluate -3 + (-3 + -3 - -9).
0
What is -6 - (-4 - 3) - 5?
-4
Evaluate 3 + (-3 - (3 - 1)) - -4.
2
9 - (8 + 1 - 8)
8
(-6 - (-12 + 6)) + -1 + 0
-1
Calculate 4 + -9 + 10 + -2.
3
What is the value of -1 - (-3 + (9 - 5))?
-2
6 + -9 + -10 - -6
-7
Evaluate -3 - (-1 - (11 - 7)).
2
What is -6 - ((-5 - -12) + 0 - 9)?
-4
What is 2 + 0 - (-29 + 39)?
-8
5 + (5 - (-6 + 12))
4
What is the value of 19 + -9 + -8 + -3?
-1
What is -31 + 27 - (2 - 4)?
-2
What is (-8 - 0) + 42 + -38?
-4
Evaluate 5 + -1 + -6 + 6 + -4.
0
(-2 - 5) + -3 + 10 + -3
-3
What is the value of 0 + -2 + -1 - (0 - 1)?
-2
Calculate -7 + 9 - (1 + 2 - 6).
5
Calculate 4 + (6 - (15 + 5 - 1)).
-9
Calculate (0 - (11 - 5)) + 7.
1
2 + -5 + (-2 - -4)
-1
Calculate 17 + (-12 - 1) + -7.
-3
Evaluate -14 - (-11 - 3) - (-1 + -3).
4
Calculate 0 + (14 - 8) + -1.
5
Evaluate 3 + -9 + (-2 - 1).
-9
Evaluate -3 + 0 - (-6 - -4) - -5.
4
Evaluate 10 - ((14 - -4) + -10).
2
What is (-11 - -8) + (2 - 0)?
-1
Evaluate 8 + (5 - 9) - 2.
2
What is the value of 6 + -3 + -2 + (-1 - -4)?
4
Evaluate -2 + -4 - -3 - -1.
-2
11 - 4 - -1 - 8
0
What is -2 - (5 - (4 - -2) - -5)?
-6
What is -9 - -4 - (-1 + 1)?
-5
3 - (5 + 4 + -7)
1
Evaluate (-2 - (-2 - -1)) + 2 - 0.
1
What is -1 - 3 - (-36 - -34) - 4?
-6
Evaluate 4 + (-2 - 5) - (-1 + 1).
-3
Calculate -2 - (3 - (-3 + 3 + 5)).
0
Evaluate -5 - (0 + 1 + (14 - 16)).
-4
1 + (3 - -2) + -3
3
Calculate (-6 - -3) + (2 - 4) + 4.
-1
-16 + 5 + 5 + -2
-8
Calculate -1 - 4 - (-10 - -10).
-5
-39 + 43 - (-1 + -1 + 3)
3
What is -12 + 20 + (-1 - 3)?
4
Calculate 21 + -21 + (-1 - -1 - 6).
-6
Evaluate 0 - (2 + 0 - (1 - 2)).
-3
(0 - 5) + 0 + (-2 - -2)
-5
What is the value of 1 - 3 - (7 - 8 - 3)?
2
7 + -9 - (1 + -9)
6
What is 3 + (4 - (7 - 2)) - 9?
-7
3 + -6 + -2 + 1 + 6
2
What is the value of 55 - 46 - (2 + 14)?
-7
What is 2 - 11 - (-2 - 3)?
-4
What is 4 + -2 + 2 + -5 + 3?
2
-2 + (5 - 2) + 4
5
0 + -8 + 5 + 0 + -2
-5
What is the value of (2 - (-5 + 1) - 3) + -3?
0
What is the value of -1 + (2 - 0) - (-5 - -8)?
-2
(-4 - 2) + -2 + 5
-3
9 + -5 - (2 - 0)
2
5 + (-3 - -4) - 9
-3
What is the value of 3 + (0 - 5) + 4?
2
What is 2 + 0 + 0 + (-2 - 1)?
-1
Evaluate -1 + 2 + (-7 - -5) + 7.
6
Calculate (-4 - (-2 - 1 - 0)) + -3.
-4
What is the value of 3 - (0 - (5 - 10))?
-2
What is the value of 7 + -5 - (6 - 3 - 5)?
4
2 - 2 - (4 - (6 + 2))
4
What is -4 + (5 - 0 - 4)?
-3
Calculate (-2 - -2) + 1 + (-54 - -44).
-9
What is the value of 1 + -1 + 1 + -3?
-2
What is the value of (1 + -12 - -12) + 1?
2
What is the value of 1 - (2 - -3) - (0 - 2)?
-2
What is 4 + (-2 - -1) + -3 + -1?
-1
Calculate -12 + 15 - (-3 + 1).
5
-5 + (-1 - -5) + 4 - 0
3
What is the value of 2 - (-4 + 12) - -5?
-1
(-17 + 9 - -1) + (0 - -3)
-4
Evaluate 0 - (1 - (1 + -5) - 10).
5
7 + -7 - (-4 - 0)
4
What is the value of 2 + -4 + 1 + (-2 - 2)?
-5
What is -1 + (1 + 4 - 3)?
1
3 - (3 + -5) - (-3 + 5)
3
Calculate -3 - (-11 + -4 + 9).
3
What is the value of -8 + 1 + 3 + 2?
-2
What is 4 + (4 + -4 - 2)?
2
-2 + (-3 - (-3 - 0))
-2
(0 + -12 - -4) + 3 + 1
-4
What is 2 - (7 - (-1 - -4))?
-2
Calculate 10 + (-7 - (-13 + 16)).
0
Calculate -21 + 29 + -1 + -3.
4
What is the value of -4 + 6 + 0 + -2?
0
What is 1 + 4 + (-63 - -51)?
-7
Calculate -2 + 3 + 5 + 1 - 3.
4
What is -1 - -2 - (4 - -7 - 12)?
2
What is -2 - 4 - (7 + -8 + 1)?
-6
Calculate 3 - -8 - ((11 - 6) + 2).
4
What is the value of -9 - -11 - 4 - (-5 - 2)?
5
What is the value of (-1 - (-11 - -6)) + -1?
3
What is -4 + (21 - 12) + -3?
2
Calculate 0 + -4 - -1 - -7.
4
Calculate -1 + 0 - 1 - (-16 + 11).
3
Calculate 4 - (-4 + 2 - (-7 + 8)).
7
What is 0 + 3 + 5 - (-4 - -8)?
4
What is the value of -19 + (8 - -1) - (-3 - -1)?
-8
Evaluate 2 + 4 + -6 + 5.
5
-7 + 2 + 1 - (-2 - 1)
-1
What is the value of 5 + (12 + -7 - 5)?
5
Evaluate (4 - 4) + -14 + 12 + -6.
-8
Evaluate -5 + 1 + (7 - 7).
-4
What is the value of -4 + 4 - (2 - -1) - 2?
-5
What is 4 - 11 - (12 + -16)?
-3
Evaluate 2 + -2 + -1 + -12 + 16.
3
Calculate (-5 - 0) + -3 + 5.
-3
What is 0 + -2 + 1 - (-213 - -217)?
-5
What is the value of (10 - 4) + (-20 - -7)?
-7
Evaluate (6 - 5) + (-1 - -2 - -1).
3
What is the value of 0 + -23 - -10 - -8?
-5
What is the value of 1 + 4 + 6 + -19 + 7?
-1
Calculate -4 - -3 - (-2 - -2 - 1).
0
Calculate 2 - 0 - (2 - 5 - -1).
4
-3 - ((-1 - -1) + -3) - -3
3
What is 8 + -6 - (2 - 3)?
3
Evaluate (-15 - 5) + 12 - (2 + -1).
-9
Calculate -3 + 1 + 5 + -6 + 4.
1
What is -3 - ((0 - 3) + 0) - 3?
-3
22 - 26 - (-6 - (-1 + 1))
2
Evaluate (-12 + 6 - 3) + 9.
0
Calculate 6 - (0 + 2 + 6).
-2
Calculate -6 + 8 + (-3 - 3).
-4
Evaluate -57 + 62 + -6 + 0 + 1.
0
Evaluate (-72 - -64) + (-1 - -10).
1
0 + 3 + 1 + -3
1
4 + (4 - 4) + -4
0
14 + 3 + -5 - 21
-9
Evaluate 7 - ((-3 - 1) + -8 + 15).
4
6 + -6 + -8 + 1
-7
What is the value of -8 + (15 - (7 + 0) - 6)?
-6
What is (4 - (11 - 9)) + -2?
0
(6 + (-8 - -4) - -3) + 3
8
Calculate (-3 - -7) + 0 + -2 + 1.
3
-5 + 11 + (-2 - 9)
-5
What is -6 + 1 + -1 + 1?
-5
Evaluate (-9 + 12 - (0 - -9)) + -2.
-8
Calcu